-- https://www.phpmyadmin.net/
--

START TRANSACTION;



--
-- Database: `cleaning`
--

-- --------------------------------------------------------

--
-- Table structure for table `aboutus`
--

CREATE TABLE `aboutus` (
  `id` int(11) NOT NULL,
  `heading` text DEFAULT NULL,
  `short_description` text DEFAULT NULL,
  `detail` text DEFAULT NULL,
  `image` text NOT NULL,
  `created_at` timestamp NOT NULL DEFAULT current_timestamp(),
  `updated_at` timestamp NULL DEFAULT NULL ON UPDATE current_timestamp()
) ENGINE=InnoDB DEFAULT CHARSET=utf8mb4 COLLATE=utf8mb4_general_ci;

--
-- Dumping data for table `aboutus`
--

INSERT INTO `aboutus` (`id`, `heading`, `short_description`, `detail`, `image`, `created_at`, `updated_at`) VALUES
(1, 'Get To Know About Reinel Cleaning', 'Welcome to our Reinel Cleaning! We are dedicated to providing top-quality cleaning services to help make your home or office spotless. Our team of professional cleaners is highly skilled and uses the latest cleaning techniques and tools to ensure that every corner of your space is thoroughly cleaned. We offer a wide range of cleaning services, from regular house cleaning to deep cleaning, move-in/out cleaning, and more.', '<p>At Reinel Cleaning website, where we are dedicated to providing exceptional cleaning services to homes and businesses in the local area.</p>\r\n<p>We understand that maintaining a clean and tidy environment is essential for your well-being, and that\'s why we offer a wide range of cleaning services tailored to meet your needs. Our team of experienced and skilled cleaners is committed to providing top-quality service that exceeds your expectations.</p>\r\n<p>We use the latest cleaning equipment and techniques to ensure that your space is spotless, sanitized, and safe. Whether you need a one-time deep cleaning or regular cleaning services, we have got you covered.</p>\r\n<p>Our services include but are not limited to house cleaning, office cleaning, carpet cleaning, window cleaning, and move-in/out cleaning. We also offer eco-friendly cleaning options that are safe for you and the environment.</p>\r\n<p>At our cleaning website, we take pride in our commitment to excellence, reliability, and affordability. We offer competitive pricing that fits your budget without compromising on quality.</p>\r\n<p>Our team is fully insured, licensed, and bonded, giving you peace of mind knowing that your property is in safe hands. We also offer flexible scheduling to accommodate your busy lifestyle.</p>\r\n<p>Thank you for considering our cleaning website for your cleaning needs. Contact us today to schedule an appointment and experience the difference in our exceptional cleaning services.</p>', '16811946270_0.png', '2023-03-21 06:33:58', '2023-04-16 02:39:33');

-- --------------------------------------------------------

--
-- Table structure for table `banners`
--

CREATE TABLE `banners` (
  `id` int(11) NOT NULL,
  `page` text NOT NULL,
  `image` text NOT NULL,
  `created_at` timestamp NOT NULL DEFAULT current_timestamp(),
  `updated_at` timestamp NULL DEFAULT NULL ON UPDATE current_timestamp()
) ENGINE=InnoDB DEFAULT CHARSET=utf8mb4 COLLATE=utf8mb4_general_ci;

--
-- Dumping data for table `banners`
--

INSERT INTO `banners` (`id`, `page`, `image`, `created_at`, `updated_at`) VALUES
(1, 'aboutus', '16816288631681194761jok3rsw1ld_Janitor_cleaning_bathrooms_with_mops_highly_detailed_939524e7-2666-424a-bec2-8dae5c9c66af.png', '2023-03-20 14:33:13', '2023-04-16 02:07:43'),
(2, 'services', '16816291211681194399jok3rsw1ld_Janitor_cleaning_floors_with_electric_floor_cleaner__d998e55d-c327-4f91-9572-66f39d59adb2.png', '2023-03-20 14:33:38', '2023-04-16 02:12:01'),
(3, 'blogs', '16816292131681196174jok3rsw1ld_A_commercial_restroom_shot_in_cinematic_lighting_cap_148aa082-cb82-4670-bd30-f2996943916e.png', '2023-03-20 14:33:48', '2023-04-16 02:13:33'),
(4, 'contactus', '1679378440contact.jpg', '2023-03-20 14:33:56', '2023-03-21 01:00:40'),
(5, 'privacypolicy', '1681194399jok3rsw1ld_Janitor_cleaning_floors_with_electric_floor_cleaner__d998e55d-c327-4f91-9572-66f39d59adb2.png', '2023-03-20 14:34:12', '2023-04-11 01:26:39');

-- --------------------------------------------------------

--
-- Table structure for table `blogcategories`
--

CREATE TABLE `blogcategories` (
  `id` int(11) NOT NULL,
  `name` text DEFAULT NULL,
  `created_at` timestamp NOT NULL DEFAULT current_timestamp(),
  `updated_at` timestamp NULL DEFAULT NULL ON UPDATE current_timestamp()
) ENGINE=InnoDB DEFAULT CHARSET=utf8mb4 COLLATE=utf8mb4_general_ci;

--
-- Dumping data for table `blogcategories`
--

INSERT INTO `blogcategories` (`id`, `name`, `created_at`, `updated_at`) VALUES
(11, 'Window Cleaning', '2023-04-11 01:48:39', '2023-04-11 01:48:39'),
(12, 'Floor Cleaning', '2023-04-11 01:48:45', '2023-04-11 01:48:45'),
(13, 'Door Cleaning', '2023-04-11 01:48:54', '2023-04-11 01:48:54'),
(14, 'Restroom Cleaning', '2023-04-11 01:53:52', '2023-04-11 01:53:52');

-- --------------------------------------------------------

--
-- Table structure for table `blogs`
--

CREATE TABLE `blogs` (
  `id` int(11) NOT NULL,
  `category` int(11) NOT NULL,
  `heading` text DEFAULT NULL,
  `image` text DEFAULT NULL,
  `description` text DEFAULT NULL,
  `status` enum('active','inactive') NOT NULL DEFAULT 'active',
  `type` enum('active','schedule') NOT NULL DEFAULT 'active',
  `date_from` date DEFAULT NULL,
  `date_to` date DEFAULT NULL,
  `more_description` text DEFAULT NULL,
  `slug` text DEFAULT NULL,
  `created_at` timestamp NOT NULL DEFAULT current_timestamp(),
  `updated_at` timestamp NULL DEFAULT NULL ON UPDATE current_timestamp()
) ENGINE=InnoDB DEFAULT CHARSET=utf8mb4 COLLATE=utf8mb4_general_ci;

--
-- Dumping data for table `blogs`
--

INSERT INTO `blogs` (`id`, `category`, `heading`, `image`, `description`, `status`, `type`, `date_from`, `date_to`, `more_description`, `slug`, `created_at`, `updated_at`) VALUES
(46, 12, 'Floor Cleaning', '16816296490_8.png', '<p>Floor cleaning is an important part of home maintenance and should be done regularly to maintain a clean and healthy environment. Cleaning floors can be done in a variety of ways, depending on the type of flooring and the level of dirt and grime that needs to be removed. For hardwood floors, vacuuming or sweeping is usually the first step in the cleaning process. This helps to remove dirt and debris that can scratch the floor if it is not removed. After vacuuming, a damp mop should be used to remove any remaining dirt and grime. The mop should be wrung out so that it is damp but not wet. A small amount of floor cleaner can be added to the mop water to help remove any stubborn dirt and grime. Once the floor is clean, it should be dried immediately with a clean cloth or towel to prevent water damage. For tile floors, a broom or vacuum should be used to remove dirt and debris. A mop should then be used to scrub the tile with a tile cleaning solution. The solution should be applied to the mop and then worked into the tile using a circular motion. Once the tile is clean, it should be rinsed with clean water and dried with a clean cloth or towel. For laminate floors, a vacuum or broom should be used to remove dirt and debris. A damp mop should then be used to clean the floor. A small amount of laminate floor cleaner can be added to the mop water to help remove any stubborn dirt and grime. Once the floor is clean, it should be dried immediately with a clean cloth or towel to prevent water damage. For linoleum floors, a broom or vacuum should be used to remove dirt and debris. A mop should then be used to scrub the floor with a linoleum floor cleaner or a mild detergent. The solution should be worked into the floor using a circular motion. Once the linoleum is clean, it should be rinsed with clean water and dried with a clean cloth or towel. No matter what type of floor you have, regular cleaning and maintenance is essential to keep it looking its best. Cleaning floors should be done on a regular basis to ensure a clean and healthy environment.</p>', 'active', 'active', NULL, NULL, '<p>Floor cleaning is an important part of keeping a home or business looking its best. Floors can become dirty and dull over time, so regular cleaning is necessary to keep them looking their best. There are several different methods for cleaning floors, depending on the type of flooring and the level of dirt and grime. For hardwood floors, a simple mop and bucket will usually do the trick. Start by sweeping the floor to remove any loose dirt, and then fill the bucket with a mild soap and warm water. Dip the mop into the bucket and wring out the excess water before mopping the floor. Be sure to go with the grain of the wood to prevent scratches. After the floor is clean, dry it with a clean, dry mop or towel. Tile and stone floors require a bit more care. Start by sweeping the floor with a broom or vacuum to remove any loose dirt. Then, fill a bucket with a mild soap and warm water and use a mop to clean the floor. For tougher stains, you may need to use a scrub brush or a special cleaning solution. Once the floor is clean, dry it with a clean, dry mop or towel. Laminate and vinyl flooring is a bit more tricky to clean. Start by sweeping the floor with a broom or vacuum to remove any loose dirt. Then, fill a bucket with a mild soap and warm water and use a mop to clean the floor. For tougher stains, you may need to use a special cleaning solution. Once the floor is clean, dry it with a clean, dry mop or towel. Carpet cleaning is a bit more involved. Start by vacuuming the carpet to remove any loose dirt. Then, use a carpet cleaner to deep clean the carpet. You may need to use a special carpet cleaning solution to remove tougher stains. After the carpet is clean, dry it with a clean, dry towel or mop. No matter what type of floor you have, regular cleaning is important to keep it looking its best. Start by sweeping the floor to remove any loose dirt and then use a mop and bucket with a mild soap and warm water to clean the floor. For tougher stains, you may need to use a special cleaning solution or scrub brush. Once the floor is clean, dry it with a clean, dry mop or towel. Floor cleaning can be a tedious task, but it is necessary to keep your floors looking their best. With regular cleaning and maintenance, your floors will stay looking great for years to come.</p>', 'floor-cleaning', '2023-04-11 01:50:44', '2023-04-16 02:20:51'),
(47, 14, 'Restroom Cleaning', '1681629611jok3rsw1ld_A_commercial_restroom_shot_in_cinematic_lighting_cap_148aa082-cb82-4670-bd30-f2996943916e.png', '<p>Restroom cleaning is an essential part of any business or public facility. It is important to ensure that restrooms are clean and sanitary to protect the health and safety of employees, customers, and visitors. The first step in restroom cleaning is to remove any visible dirt, dust, or debris. This can be done by using a vacuum, broom, dustpan, or mop. It is important to focus on high-touch surfaces such as doorknobs, faucets, and handles. These surfaces should be wiped down with an appropriate disinfectant or sanitizing solution. Next, all surfaces should be thoroughly scrubbed with a disinfectant or sanitizing solution. This includes toilets, sinks, countertops, and floors. Pay special attention to areas around toilets and urinals, as these are often the most heavily used areas. Make sure to use a brush to scrub away any stubborn dirt or grime. After scrubbing, all surfaces should be rinsed with clean water. This will help remove any residue from the cleaning solution and ensure that all surfaces are clean. Finally, all surfaces should be dried with a clean cloth or paper towels. This will help prevent the growth of bacteria and mold and keep the restroom looking clean and sanitary. In addition to regular cleaning, it is important to inspect the restroom for any signs of damage or wear. If any repairs are needed, they should be addressed in a timely manner. This will help maintain the cleanliness of the restroom and prevent further damage. Restroom cleaning is an important part of any business or public facility. It is essential to keep restrooms clean and sanitary to protect the health and safety of employees, customers, and visitors. Following these steps will help ensure that your restroom is clean and free of germs and bacteria.</p>', 'active', 'active', NULL, NULL, '<p>Restroom Cleaning is an important task that should be done on a regular basis to ensure a clean and safe environment for everyone. It is essential to keep restrooms clean and hygienic to prevent the spread of germs and bacteria. Proper restroom cleaning involves more than just wiping down surfaces; it requires a thorough and detailed approach to ensure that the area is properly sanitized and disinfected. The first step in restroom cleaning is to remove any visible dirt and debris. This includes sweeping, mopping, and scrubbing the floors and walls. All surfaces should be wiped down with a disinfectant cleaner and allowed to air dry. It is important to pay special attention to frequently touched surfaces such as door handles, faucets, and toilet handles. These surfaces should be disinfected with an EPA-approved disinfectant. Next, all surfaces should be wiped down with a disinfectant cleaner. This includes the walls, floors, counters, and all fixtures. Pay special attention to the toilet bowl and the sink. The toilet bowl should be scrubbed with a toilet brush and the sink should be cleaned with a disinfectant cleaner. Once all surfaces have been wiped down, they should be allowed to air dry. After all surfaces have been wiped down and allowed to air dry, the restroom should be vacuumed. This will help to remove any dirt and debris that may have been missed during the initial cleaning. Vacuuming should be done on a regular basis to keep the restroom clean and free of dirt and debris. Finally, all fixtures should be checked for any signs of damage or wear. This includes checking the toilet for any cracks or leaks and the sink for any signs of rust or corrosion. If any damage is found, it should be repaired or replaced immediately. Restroom cleaning is an important task that should not be overlooked. It is essential to maintain a clean and hygienic environment in order to prevent the spread of germs and bacteria. Regular cleaning and disinfecting of all surfaces should be done to ensure that the restroom is free of dirt and debris. Vacuuming should also be done on a regular basis to remove any dirt and debris that may have been missed during the initial cleaning. All fixtures should be checked for any signs of damage or wear, and any repairs or replacements should be made immediately. By following these simple steps, you can ensure that your restroom is always clean and safe for everyone.</p>', 'restroom-cleaning', '2023-04-11 01:56:15', '2023-04-16 02:20:12'),
(48, 11, 'Window Cleaning', '1681629453jok3rsw1ld_janitor_cleaning_bathrooms_for_a_high_-_end_executiv_bd89cc87-3777-41a1-b655-ba940bc6ba4c.png', '<p>Window cleaning is an important part of keeping a home or business looking its best. Not only does it remove dirt and grime that can build up on windows, but it also increases the amount of natural light that can enter a space. This can help to make a room look brighter and more inviting. Window cleaning is a relatively simple process that requires a few basic tools. A bucket of warm water, a cleaning solution, a squeegee, and a microfiber cloth are all that is typically needed. It is important to start by rinsing the window with the bucket of warm water to remove any surface dirt. Then, a few drops of the cleaning solution can be added to the water and the window can be scrubbed with the cloth. The squeegee can then be used to remove the water and cleaning solution from the window. It is important to use the correct technique when window cleaning to ensure that the best results are achieved. The squeegee should be held at a 45 degree angle and moved from the top of the window to the bottom in one continuous motion. This will help to ensure that the window is completely clear of any streaks or smudges. When cleaning the outside of windows, it is important to use a ladder or other stable platform to ensure safety. It is also important to check the condition of the window frames before cleaning. If they are in need of repair or replacement, they should be addressed before cleaning so that the window looks its best. Window cleaning can be a great way to increase the value of a home or business. Not only can it make the space look more inviting, but it can also help to reduce energy costs by allowing more natural light to enter the space. It is important to follow the correct techniques and use the right tools to ensure that the best results are achieved.</p>', 'active', 'active', NULL, NULL, '<p>Window cleaning is an essential part of any home maintenance routine. Dirty windows can detract from the overall appearance of your home and can even affect the amount of natural light that enters your home. Regular window cleaning can help to prevent the build-up of dirt, dust, and grime, which can cause damage to your windows over time. When it comes to window cleaning, you want to make sure that you are using the right tools and techniques to get the job done right. The first step is to gather the necessary supplies. You&rsquo;ll need a bucket, a soft cloth, a window cleaning solution, a squeegee, and a ladder or step stool if you are cleaning windows that are higher up. When you&rsquo;re ready to start cleaning, fill the bucket with warm water and add the window cleaning solution. Dip the cloth into the solution and wring it out until it is just damp. Begin wiping down the windows, starting at the top and working your way down. Make sure to get into all the nooks and crannies and use a clean cloth for each window. Once you have wiped down the windows, you can begin using the squeegee. Make sure that you start at the top of the window and work your way down in a zigzag pattern. This will help to ensure that the water is evenly distributed and that any dirt and grime is removed. After you have finished using the squeegee, you can use the soft cloth to dry the window and remove any streaks. Make sure to use a clean cloth and to wipe in a circular motion. This will help to ensure that the window is completely dry and streak-free. Once your windows are clean, you can use a window cleaner to help protect them from future dirt and grime. Spray the window cleaner onto a soft cloth and then wipe it onto the window in a circular motion. This will help to create a barrier between the window and any dirt or debris that may come in contact with it. In addition to regular window cleaning, you should also inspect your windows on a regular basis. Look for any signs of damage such as cracks, chips, or discoloration. If you notice any of these, it&rsquo;s important to have them repaired as soon as possible to prevent further damage. Window cleaning can be a time consuming task, but it is important to keep your windows clean and in good condition. By following the proper techniques and using the right supplies, you can ensure that your windows are looking their best and that they are protected from dirt, dust, and grime. With regular window cleaning, you can keep your windows looking great for years to come.</p>', 'window-cleaning', '2023-04-11 01:58:51', '2023-04-16 02:17:34');

-- --------------------------------------------------------

--
-- Table structure for table `blogs_tags`
--

CREATE TABLE `blogs_tags` (
  `id` int(11) NOT NULL,
  `blogid` int(11) NOT NULL,
  `tag` text DEFAULT NULL,
  `created_at` timestamp NOT NULL DEFAULT current_timestamp(),
  `updated_at` timestamp NULL DEFAULT NULL ON UPDATE current_timestamp()
) ENGINE=InnoDB DEFAULT CHARSET=utf8mb4 COLLATE=utf8mb4_general_ci;

--
-- Dumping data for table `blogs_tags`
--

INSERT INTO `blogs_tags` (`id`, `blogid`, `tag`, `created_at`, `updated_at`) VALUES
(667, 48, 'Window Cleaning', '2023-04-16 02:17:34', '2023-04-16 02:17:34'),
(668, 48, 'Door Cleaning', '2023-04-16 02:17:34', '2023-04-16 02:17:34'),
(669, 48, 'Floor Cleaning', '2023-04-16 02:17:34', '2023-04-16 02:17:34'),
(670, 48, 'Restroom Cleaning', '2023-04-16 02:17:34', '2023-04-16 02:17:34'),
(671, 47, 'Window Cleaning', '2023-04-16 02:20:12', '2023-04-16 02:20:12'),
(672, 47, 'Door Cleaning', '2023-04-16 02:20:12', '2023-04-16 02:20:12'),
(673, 47, 'Floor Cleaning', '2023-04-16 02:20:12', '2023-04-16 02:20:12'),
(674, 47, 'Restroom Cleaning', '2023-04-16 02:20:12', '2023-04-16 02:20:12'),
(675, 46, 'Window Cleaning', '2023-04-16 02:20:51', '2023-04-16 02:20:51'),
(676, 46, 'Door Cleaning', '2023-04-16 02:20:51', '2023-04-16 02:20:51'),
(677, 46, 'Floor Cleaning', '2023-04-16 02:20:51', '2023-04-16 02:20:51');

-- --------------------------------------------------------

--
-- Table structure for table `blog_images`
--

CREATE TABLE `blog_images` (
  `id` int(11) NOT NULL,
  `blogid` int(11) NOT NULL,
  `image` text DEFAULT NULL,
  `created_at` timestamp NOT NULL DEFAULT current_timestamp(),
  `updated_at` timestamp NULL DEFAULT NULL ON UPDATE current_timestamp()
) ENGINE=InnoDB DEFAULT CHARSET=utf8mb4 COLLATE=utf8mb4_general_ci;

--
-- Dumping data for table `blog_images`
--

INSERT INTO `blog_images` (`id`, `blogid`, `image`, `created_at`, `updated_at`) VALUES
(55, 46, '1681197175jok3rsw1ld_Janitor_cleaning_floors_with_electric_floor_cleaner__5c0a540d-e88f-425c-887b-fd01b9eb2101.png', '2023-04-11 01:50:44', '2023-04-11 02:12:55'),
(56, 46, '16811958440_8.png', '2023-04-11 01:50:44', '2023-04-11 01:50:44'),
(57, 47, '1681196175jok3rsw1ld_janitor_cleaning_bathrooms_for_a_high_-_end_executiv_bd89cc87-3777-41a1-b655-ba940bc6ba4c.png', '2023-04-11 01:56:15', '2023-04-11 01:56:15'),
(58, 47, '1681196175jok3rsw1ld_RAW_photography_of_a_commercial_restroom_stall_devoi_9eeccf39-f937-4e22-9a50-0a7519d11d1e.png', '2023-04-11 01:56:15', '2023-04-11 01:56:15'),
(59, 48, '1681196331jok3rsw1ld_janitor_cleaning_bathrooms_for_a_high_-_end_executiv_bd89cc87-3777-41a1-b655-ba940bc6ba4c.png', '2023-04-11 01:58:51', '2023-04-11 01:58:51'),
(60, 48, '1681196331jok3rsw1ld_Janitor_cleaning_bathrooms_with_mops_highly_detailed_939524e7-2666-424a-bec2-8dae5c9c66af.png', '2023-04-11 01:58:51', '2023-04-11 01:58:51'),
(61, 48, '1681196331jok3rsw1ld_Janitor_cleaning_floors_with_electric_floor_cleaner__5c0a540d-e88f-425c-887b-fd01b9eb2101.png', '2023-04-11 01:58:51', '2023-04-11 01:58:51'),
(62, 48, '1681196331jok3rsw1ld_Janitor_cleaning_floors_with_electric_floor_cleaner__a080c572-9dbe-4181-8170-8122acefb670.png', '2023-04-11 01:58:51', '2023-04-11 01:58:51');

-- --------------------------------------------------------

--
-- Table structure for table `chatgpt_api_keys`
--

CREATE TABLE `chatgpt_api_keys` (
  `id` int(11) NOT NULL,
  `heading` mediumtext DEFAULT NULL,
  `apikey` mediumtext DEFAULT NULL,
  `status` enum('active','inactive') DEFAULT 'inactive',
  `created_at` timestamp NOT NULL DEFAULT current_timestamp(),
  `updated_at` timestamp NULL DEFAULT NULL ON UPDATE current_timestamp()
) ENGINE=InnoDB DEFAULT CHARSET=utf8mb4 COLLATE=utf8mb4_general_ci;

--
-- Dumping data for table `chatgpt_api_keys`
--

INSERT INTO `chatgpt_api_keys` (`id`, `heading`, `apikey`, `status`, `created_at`, `updated_at`) VALUES
(9, 'Khateeb API', 'eyJpdiI6InNMTFdSbWwwYW1SRERkOFdxcnA2UHc9PSIsInZhbHVlIjoieTNRTWpHTXVtWUczb3pTVmhuczVablgrWjhqRlExNEZscFdPRlBkMitYeCtCL05IUVRxdyttNE4xYWpRNDVEV01PRlJYdXVRMWhTckVESnhWYlpDeFE9PSIsIm1hYyI6IjkxNTM5YWJmMjkyMmZlMDExZWYzMThjNThjMTI3NTZhNTY4N2Q2NmEwMWQyMmQzZWQ1YzVjOTMwNzNmMDczZTMiLCJ0YWciOiIifQ==', 'active', '2023-03-27 12:56:24', '2023-04-04 04:08:58');

-- --------------------------------------------------------

--
-- Table structure for table `company_benefits`
--

CREATE TABLE `company_benefits` (
  `id` int(11) NOT NULL,
  `heading` text DEFAULT NULL,
  `description` text DEFAULT NULL,
  `image` text DEFAULT NULL,
  `created_at` timestamp NOT NULL DEFAULT current_timestamp(),
  `updated_at` timestamp NULL DEFAULT NULL ON UPDATE current_timestamp()
) ENGINE=InnoDB DEFAULT CHARSET=utf8mb4 COLLATE=utf8mb4_general_ci;

--
-- Dumping data for table `company_benefits`
--

INSERT INTO `company_benefits` (`id`, `heading`, `description`, `image`, `created_at`, `updated_at`) VALUES
(1, 'Building Experience & Give High Success Rates', '<p>Our team of experts have the skills and knowledge to remove outdated Cleaning Services that has been collecting dust and replace it with a more robust and cost-effective system. By doing so, you can reduce licensing fees and save money while improving the overall efficiency of your business.</p>\r\n<p>&nbsp;</p>\r\n<p>At Reinel Cleaning, we believe that change is necessary for growth. By partnering with us, you\'ll be making a positive change for your business. Our experienced team has the tribal knowledge necessary to take your business to the next level. We\'ll work with you to identify areas of improvement and develop a customized Cleaning Services that meets your specific needs.</p>', '1681198864jok3rsw1ld_RAW_photography_of_a_commercial_restroom_stall_devoi_9eeccf39-f937-4e22-9a50-0a7519d11d1e.png', '2023-03-24 16:57:59', '2023-04-11 02:41:04');

-- --------------------------------------------------------

--
-- Table structure for table `contactus`
--

CREATE TABLE `contactus` (
  `id` int(11) NOT NULL,
  `name` text NOT NULL,
  `email` text NOT NULL,
  `phone` text NOT NULL,
  `subject` text DEFAULT NULL,
  `message` text DEFAULT NULL,
  `created_at` timestamp NOT NULL DEFAULT current_timestamp(),
  `updated_at` timestamp NULL DEFAULT NULL ON UPDATE current_timestamp()
) ENGINE=InnoDB DEFAULT CHARSET=utf8mb4 COLLATE=utf8mb4_general_ci;

-- --------------------------------------------------------

--
-- Table structure for table `failed_jobs`
--

CREATE TABLE `failed_jobs` (
  `id` bigint(20) UNSIGNED NOT NULL,
  `uuid` varchar(255) NOT NULL,
  `connection` text NOT NULL,
  `queue` text NOT NULL,
  `payload` longtext NOT NULL,
  `exception` longtext NOT NULL,
  `failed_at` timestamp NOT NULL DEFAULT current_timestamp()
) ENGINE=InnoDB DEFAULT CHARSET=utf8mb4 COLLATE=utf8mb4_general_ci;

-- --------------------------------------------------------

--
-- Table structure for table `home_experience`
--

CREATE TABLE `home_experience` (
  `id` int(11) NOT NULL,
  `heading` text DEFAULT NULL,
  `experience` text DEFAULT NULL,
  `image` text DEFAULT NULL,
  `created_at` timestamp NOT NULL DEFAULT current_timestamp(),
  `updated_at` timestamp NULL DEFAULT NULL ON UPDATE current_timestamp()
) ENGINE=InnoDB DEFAULT CHARSET=utf8mb4 COLLATE=utf8mb4_general_ci;

--
-- Dumping data for table `home_experience`
--

INSERT INTO `home_experience` (`id`, `heading`, `experience`, `image`, `created_at`, `updated_at`) VALUES
(1, 'Easy solutions for difficult Cleaning problems', '05', '1681198632jok3rsw1ld_RAW_photography_of_a_commercial_restroom_stall_devoi_9eeccf39-f937-4e22-9a50-0a7519d11d1e.png', '2023-03-24 16:07:14', '2023-04-11 05:20:01');

-- --------------------------------------------------------

--
-- Table structure for table `migrations`
--

CREATE TABLE `migrations` (
  `id` int(10) UNSIGNED NOT NULL,
  `migration` varchar(255) NOT NULL,
  `batch` int(11) NOT NULL
) ENGINE=InnoDB DEFAULT CHARSET=utf8mb4 COLLATE=utf8mb4_general_ci;

--
-- Dumping data for table `migrations`
--

INSERT INTO `migrations` (`id`, `migration`, `batch`) VALUES
(1, '2014_10_12_000000_create_users_table', 1),
(2, '2014_10_12_100000_create_password_reset_tokens_table', 1),
(3, '2014_10_12_100000_create_password_resets_table', 1),
(4, '2019_08_19_000000_create_failed_jobs_table', 1),
(5, '2019_12_14_000001_create_personal_access_tokens_table', 1);

-- --------------------------------------------------------

--
-- Table structure for table `ourpartners`
--

CREATE TABLE `ourpartners` (
  `id` int(11) NOT NULL,
  `image` text DEFAULT NULL,
  `created_at` timestamp NOT NULL DEFAULT current_timestamp(),
  `updated_at` timestamp NULL DEFAULT NULL ON UPDATE current_timestamp()
) ENGINE=InnoDB DEFAULT CHARSET=utf8mb4 COLLATE=utf8mb4_general_ci;

--
-- Dumping data for table `ourpartners`
--

INSERT INTO `ourpartners` (`id`, `image`, `created_at`, `updated_at`) VALUES
(7, '1680655058Harvard-Logo.png', '2023-04-05 00:37:38', '2023-04-05 00:37:38'),
(8, '1680655067Goldman_Sachs_Signature.png', '2023-04-05 00:37:47', '2023-04-05 00:37:47'),
(9, '1680655078Penske-Truck-logo.png', '2023-04-05 00:37:58', '2023-04-05 00:37:58'),
(13, '1680655107287-2873863_us-fda-logo-us-food-and-drug-administration.png', '2023-04-05 00:38:27', '2023-04-05 00:38:27'),
(15, '1680655122png-transparent-u-s-army-logo-united-states-army-decal-military-us-military-service-star-logo-miscellaneous-emblem-text-thumbnail.png', '2023-04-05 00:38:42', '2023-04-05 00:38:42'),
(17, '1680655226gift-that-heal-1.png', '2023-04-05 00:40:26', '2023-04-05 00:40:26'),
(18, '1680655232images.png', '2023-04-05 00:40:32', '2023-04-05 00:40:32'),
(19, '1680655473Dell_EMC-Logo.wine.png', '2023-04-05 00:44:33', '2023-04-05 00:44:33'),
(21, '16806556912560px-Stripe_Logo,_revised_2016.svg.png', '2023-04-05 00:48:11', '2023-04-05 00:48:11'),
(22, '1680655786pngkey.com-college-png-2155059.png', '2023-04-05 00:49:46', '2023-04-05 00:49:46'),
(23, '1680655932charles-schwab-2-logo-png-transparent.png', '2023-04-05 00:52:12', '2023-04-05 00:52:12'),
(24, '1680655938Td_Ameritrade_logo_PNG1.png', '2023-04-05 00:52:18', '2023-04-05 00:52:18'),
(25, '1680655945pngkey.com-college-png-2155059.png', '2023-04-05 00:52:25', '2023-04-05 00:52:25'),
(27, '1680657694kisspng-hewlett-packard-hp-deskjet-printer-information-tec-hp-logo-5b205e61d33592.5773053415288479698651.png', '2023-04-05 01:21:34', '2023-04-05 01:21:34');

-- --------------------------------------------------------

--
-- Table structure for table `ourteam`
--

CREATE TABLE `ourteam` (
  `id` int(11) NOT NULL,
  `name` text DEFAULT NULL,
  `designation` text DEFAULT NULL,
  `image` text DEFAULT NULL,
  `facebook` text DEFAULT NULL,
  `twitter` text DEFAULT NULL,
  `instagram` text DEFAULT NULL,
  `linkedin` text DEFAULT NULL,
  `created_at` timestamp NOT NULL DEFAULT current_timestamp(),
  `updated_at` timestamp NULL DEFAULT NULL ON UPDATE current_timestamp()
) ENGINE=InnoDB DEFAULT CHARSET=utf8mb4 COLLATE=utf8mb4_general_ci;

-- --------------------------------------------------------

--
-- Table structure for table `our_introduction`
--

CREATE TABLE `our_introduction` (
  `id` int(11) NOT NULL,
  `heading` text DEFAULT NULL,
  `image` text DEFAULT NULL,
  `description` text DEFAULT NULL,
  `created_at` timestamp NOT NULL DEFAULT current_timestamp(),
  `updated_at` timestamp NULL DEFAULT NULL ON UPDATE current_timestamp()
) ENGINE=InnoDB DEFAULT CHARSET=utf8mb4 COLLATE=utf8mb4_general_ci;

--
-- Dumping data for table `our_introduction`
--

INSERT INTO `our_introduction` (`id`, `heading`, `image`, `description`, `created_at`, `updated_at`) VALUES
(1, 'Expert Solutions for Your Business: How Our Cleaning Services Can Help', '1681197101jok3rsw1ld_politely_smiling_female_janitor_finely_detailed_dive_4dc76d05-5443-4619-9ea0-819cf5505086.png', '<p>As a business, you want to ensure that your organization is operating at its fullest potential. That\'s why you need Reinel Cleaning</p>\r\n<p>With over 22 years of experience in the industry, we have the knowledge and expertise to help streamline your software applications and bring your business to the next level.</p>', '2023-03-23 11:18:34', '2023-04-11 02:11:41'),
(93, 'Floor Cleaning', NULL, NULL, '2023-04-11 02:21:27', '2023-04-11 02:21:27'),
(94, 'Window Cleaning', NULL, NULL, '2023-04-11 02:21:27', '2023-04-11 02:21:27'),
(95, 'Door Cleaning', NULL, NULL, '2023-04-11 02:21:27', '2023-04-11 02:21:27'),
(96, 'Restroom Cleaning', NULL, NULL, '2023-04-11 02:21:27', '2023-04-11 02:21:27'),
(97, 'Glass Cleaning', NULL, NULL, '2023-04-11 02:21:27', '2023-04-11 02:21:27'),
(98, 'Carpet Cleaning', NULL, NULL, '2023-04-11 02:21:27', '2023-04-11 02:21:27'),
(99, 'Deep Cleaning', NULL, NULL, '2023-04-11 02:21:27', '2023-04-11 02:21:27');

-- --------------------------------------------------------

--
-- Table structure for table `password_resets`
--

CREATE TABLE `password_resets` (
  `email` varchar(255) NOT NULL,
  `token` varchar(255) NOT NULL,
  `created_at` timestamp NULL DEFAULT NULL
) ENGINE=InnoDB DEFAULT CHARSET=utf8mb4 COLLATE=utf8mb4_general_ci;

-- --------------------------------------------------------

--
-- Table structure for table `password_reset_tokens`
--

CREATE TABLE `password_reset_tokens` (
  `email` varchar(255) NOT NULL,
  `token` varchar(255) NOT NULL,
  `created_at` timestamp NULL DEFAULT NULL
) ENGINE=InnoDB DEFAULT CHARSET=utf8mb4 COLLATE=utf8mb4_general_ci;

-- --------------------------------------------------------

--
-- Table structure for table `personal_access_tokens`
--

CREATE TABLE `personal_access_tokens` (
  `id` bigint(20) UNSIGNED NOT NULL,
  `tokenable_type` varchar(255) NOT NULL,
  `tokenable_id` bigint(20) UNSIGNED NOT NULL,
  `name` varchar(255) NOT NULL,
  `token` varchar(64) NOT NULL,
  `abilities` text DEFAULT NULL,
  `last_used_at` timestamp NULL DEFAULT NULL,
  `expires_at` timestamp NULL DEFAULT NULL,
  `created_at` timestamp NULL DEFAULT NULL,
  `updated_at` timestamp NULL DEFAULT NULL
) ENGINE=InnoDB DEFAULT CHARSET=utf8mb4 COLLATE=utf8mb4_general_ci;

-- --------------------------------------------------------

--
-- Table structure for table `services`
--

CREATE TABLE `services` (
  `id` int(11) NOT NULL,
  `heading` text DEFAULT NULL,
  `image` text DEFAULT NULL,
  `about` text DEFAULT NULL,
  `description` text DEFAULT NULL,
  `icon` text DEFAULT NULL,
  `created_at` timestamp NOT NULL DEFAULT current_timestamp(),
  `updated_at` timestamp NULL DEFAULT NULL ON UPDATE current_timestamp()
) ENGINE=InnoDB DEFAULT CHARSET=utf8mb4 COLLATE=utf8mb4_general_ci;

--
-- Dumping data for table `services`
--

INSERT INTO `services` (`id`, `heading`, `image`, `about`, `description`, `icon`, `created_at`, `updated_at`) VALUES
(19, 'Door Cleaning', '1681208606jok3rsw1ld_Janitor_cleaning_office_building_at_night_beautiful__64aa8d50-6237-4607-b1fc-565b2c524a98.png', '<p>Cleaning your doors is an essential part of maintaining a clean and healthy home. Doors are one of the most frequently used items in a house, and as a result, they can accumulate dirt, dust, and grime quickly. In this article, we will discuss the importance of door cleaning and provide tips for keeping your doors clean and looking their best.</p>\r\n<p>Why Door Cleaning is Important</p>\r\n<p>Doors are one of the first things that people notice when they enter your home. A dirty or grimy door can give a negative impression and make your home feel uninviting. Regular door cleaning can help to remove the dirt and grime that accumulates on your doors, making them look clean and well-maintained.</p>\r\n<p>In addition to aesthetic reasons, door cleaning is also essential for maintaining a healthy home. Doors are touched frequently, and bacteria and germs can easily accumulate on their surfaces. Regular cleaning can help to remove these germs and reduce the spread of illness in your home.</p>', '<p>Cleaning your doors is an essential part of maintaining a clean and healthy home. Doors are one of the most frequently used items in a house, and as a result, they can accumulate dirt, dust, and grime quickly. In this article, we will discuss the importance of door cleaning and provide tips for keeping your doors clean and looking their best.</p>\r\n<p>Why Door Cleaning is Important</p>\r\n<p>Doors are one of the first things that people notice when they enter your home. A dirty or grimy door can give a negative impression and make your home feel uninviting. Regular door cleaning can help to remove the dirt and grime that accumulates on your doors, making them look clean and well-maintained.</p>\r\n<p>In addition to aesthetic reasons, door cleaning is also essential for maintaining a healthy home. Doors are touched frequently, and bacteria and germs can easily accumulate on their surfaces. Regular cleaning can help to remove these germs and reduce the spread of illness in your home.</p>\r\n<p>Tips for Door Cleaning</p>\r\n<ol>\r\n<li>\r\n<p>Determine the type of door: Before you start cleaning your doors, it\'s important to determine what type of door you have. Doors can be made of various materials, such as wood, metal, or glass, and each requires different cleaning methods. For example, a wooden door should be cleaned differently than a glass door.</p>\r\n</li>\r\n<li>\r\n<p>Gather cleaning supplies: Once you have determined the type of door you have, you should gather the necessary cleaning supplies. These may include a vacuum cleaner, a soft-bristled brush, a bucket, warm water, mild soap, and a clean cloth.</p>\r\n</li>\r\n<li>\r\n<p>Dust the door: Before you start cleaning your door, you should remove any dust or debris that has accumulated on the surface. Use a soft-bristled brush or a vacuum cleaner to remove the dust.</p>\r\n</li>\r\n<li>\r\n<p>Clean the door: Once you have removed the dust, you can start cleaning your door. Dip a clean cloth in warm water and mild soap and gently wipe the surface of the door. Be sure to pay attention to any areas that are particularly dirty or stained.</p>\r\n</li>\r\n<li>\r\n<p>Rinse the door: After you have cleaned the door, you should rinse it with clean water to remove any soap residue.</p>\r\n</li>\r\n<li>\r\n<p>Dry the door: Use a clean, dry cloth to dry the surface of the door. Be sure to remove any excess water to prevent water damage to the door.</p>\r\n</li>\r\n<li>\r\n<p>Polish the door (optional): If you have a wooden door, you may want to polish it after cleaning to restore its shine. You can use a furniture polish or a natural oil, such as lemon oil, to polish the door.</p>\r\n</li>\r\n</ol>\r\n<p>In addition to these basic cleaning steps, there are also some additional tips and tricks you can use to keep your doors looking their best:</p>\r\n<ul>\r\n<li>Use a microfiber cloth for cleaning glass doors to avoid streaks.</li>\r\n<li>Clean your doors regularly to prevent dirt and grime buildup.</li>\r\n<li>Avoid using harsh chemicals or abrasive cleaners on your doors, as they can damage the surface.</li>\r\n<li>Be gentle when cleaning painted or stained doors to avoid damaging the finish.</li>\r\n<li>Apply a coat of wax or sealant to metal doors to protect them from rust.</li>\r\n</ul>\r\n<p>Conclusion</p>\r\n<p>Cleaning your doors is an important part of maintaining a clean and healthy home. Regular door cleaning can help to remove dirt and grime, reduce the spread of illness, and make your home look more inviting. By following these tips and tricks, you can keep your doors looking their best for years to come.</p>', 'icon-checking', '2023-04-11 01:37:21', '2023-04-11 05:23:26'),
(20, 'Window Cleaning', '16811952280_2.png', '<p>Window cleaning is an important aspect of maintaining the appearance and functionality of your home or business. Clean windows not only look great, but they can also improve the energy efficiency of your building by allowing more natural light in. In this article, we\'ll explore the benefits of window cleaning, tips for cleaning windows effectively, and when it might be time to hire a professional window cleaner.</p>', '<div class=\"group w-full text-gray-800 dark:text-gray-100 border-b border-black/10 dark:border-gray-900/50 bg-gray-50 dark:bg-[#444654]\">\r\n<div class=\"text-base gap-4 md:gap-6 md:max-w-2xl lg:max-w-xl xl:max-w-3xl p-4 md:py-6 flex lg:px-0 m-auto\">\r\n<div class=\"relative flex w-[calc(100%-50px)] flex-col gap-1 md:gap-3 lg:w-[calc(100%-115px)]\">\r\n<div class=\"flex flex-grow flex-col gap-3\">\r\n<div class=\"min-h-[20px] flex flex-col items-start gap-4 whitespace-pre-wrap\">\r\n<div class=\"markdown prose w-full break-words dark:prose-invert light\">\r\n<p>Window cleaning is an important aspect of maintaining the appearance and functionality of your home or business. Clean windows not only look great, but they can also improve the energy efficiency of your building by allowing more natural light in. In this article, we\'ll explore the benefits of window cleaning, tips for cleaning windows effectively, and when it might be time to hire a professional window cleaner.</p>\r\n<p>Benefits of Window Cleaning</p>\r\n<ol>\r\n<li>\r\n<p>Improves Curb Appeal: Clean windows can make a significant impact on the overall appearance of your home or business. By removing dirt, grime, and streaks from your windows, you can create a brighter, more inviting environment that looks well-maintained and cared for.</p>\r\n</li>\r\n<li>\r\n<p>Boosts Natural Light: Dirty windows can significantly reduce the amount of natural light that enters your building, which can have a negative impact on your energy bills and your mood. Clean windows, on the other hand, allow more natural light in, creating a brighter, more energizing atmosphere.</p>\r\n</li>\r\n<li>\r\n<p>Enhances Energy Efficiency: As mentioned above, clean windows can improve the energy efficiency of your building by allowing more natural light in. This can help to reduce your reliance on artificial lighting, lower your energy bills, and reduce your carbon footprint.</p>\r\n</li>\r\n<li>\r\n<p>Increases Longevity: Regular window cleaning can help to extend the life of your windows by removing dirt and grime that can cause scratches and other damage. By keeping your windows clean, you can help to ensure that they continue to function properly and last for many years to come.</p>\r\n</li>\r\n</ol>\r\n<p>Tips for Cleaning Windows Effectively</p>\r\n<ol>\r\n<li>\r\n<p>Use the Right Tools: To clean windows effectively, you\'ll need a few basic tools, including a squeegee, a bucket, a scrubber, and a cleaning solution. Make sure to choose high-quality tools that are designed specifically for window cleaning to achieve the best results.</p>\r\n</li>\r\n<li>\r\n<p>Start from the Top: When cleaning windows, it\'s important to start at the top and work your way down. This will help to prevent streaks and drips from running down onto areas that you\'ve already cleaned.</p>\r\n</li>\r\n<li>\r\n<p>Work in Sections: To ensure that you clean each window thoroughly, it\'s a good idea to work in small sections, cleaning each section from top to bottom before moving on to the next.</p>\r\n</li>\r\n<li>\r\n<p>Dry with a Squeegee: Once you\'ve scrubbed the window with a cleaning solution, use a squeegee to remove the excess water and cleaning solution. This will help to prevent streaks and ensure that the window is left looking clean and clear.</p>\r\n</li>\r\n</ol>\r\n<p>When to Hire a Professional Window Cleaner</p>\r\n<p>While cleaning your own windows can be a satisfying task, there are times when it\'s best to leave it to the professionals. Here are a few situations when you might want to consider hiring a professional window cleaner:</p>\r\n<ol>\r\n<li>\r\n<p>You Have Large or High Windows: Cleaning windows that are high up or difficult to reach can be dangerous and challenging. A professional window cleaner will have the necessary tools and equipment to safely and effectively clean these windows.</p>\r\n</li>\r\n<li>\r\n<p>You Don\'t Have the Time: Window cleaning can be a time-consuming task, especially if you have a large number of windows to clean. If you don\'t have the time to dedicate to cleaning your windows, a professional window cleaner can take care of the job quickly and efficiently.</p>\r\n</li>\r\n<li>\r\n<p>You Want Professional Results: Professional window cleaners are experienced and trained in the best techniques and methods for cleaning windows. If you want your windows to look their best, hiring a professional window cleaner is a great option.</p>\r\n</li>\r\n</ol>\r\n<p>In conclusion, window cleaning is an important task that can improve the appearance and functionality of your home or business. By following the tips outlined above and considering hiring a professional window cleaner when necessary, you can ensure that your windows are always clean, clear, and looking their best.</p>\r\n</div>\r\n</div>\r\n</div>\r\n<div class=\"flex justify-between lg:block\">\r\n<div class=\"text-gray-400 flex self-end lg:self-center justify-center mt-2 gap-2 md:gap-3 lg:gap-1 lg:absolute lg:top-0 lg:translate-x-full lg:right-0 lg:mt-0 lg:pl-2 visible\">&nbsp;</div>\r\n</div>\r\n</div>\r\n</div>\r\n</div>', 'icon-checking', '2023-04-11 01:40:28', '2023-04-11 01:41:03'),
(21, 'Floor Cleaning', '1681195376grid_9.png', '<p>Floor cleaning is an essential task for maintaining a clean and hygienic home or workspace. A clean floor not only looks better but also promotes a healthy environment by eliminating dust, allergens, and other harmful particles. In this article, we will discuss the importance of floor cleaning, different types of floors, and tips for effective floor cleaning.</p>', '<p>Floor cleaning is an essential task for maintaining a clean and hygienic home or workspace. A clean floor not only looks better but also promotes a healthy environment by eliminating dust, allergens, and other harmful particles. In this article, we will discuss the importance of floor cleaning, different types of floors, and tips for effective floor cleaning.</p>\r\n<p>Importance of Floor Cleaning:</p>\r\n<p>The floor is the most used part of any building, and it accumulates dirt, dust, and other debris over time. If left uncleaned, these particles can cause health problems like allergies, asthma, and respiratory issues. Moreover, dirt and grime can damage the floor\'s surface, making it appear dull and worn-out. Floor cleaning not only enhances the appearance of the floor but also promotes a healthy living environment.</p>\r\n<p>Types of Floors:</p>\r\n<p>Different types of floors require different cleaning methods and products. Here are some common types of floors and their cleaning requirements:</p>\r\n<ol>\r\n<li>\r\n<p>Hardwood Floors: Hardwood floors are popular because of their durability and timeless appeal. To clean hardwood floors, use a soft-bristled broom or vacuum cleaner to remove dirt and debris. Avoid using water or harsh chemicals as they can damage the surface. Instead, use a specialized hardwood cleaner to maintain the shine and luster of the floor.</p>\r\n</li>\r\n<li>\r\n<p>Tile Floors: Tile floors are easy to clean and maintain. Use a mop or steam cleaner to remove dirt and stains. For tough stains, use a tile and grout cleaner and scrub the affected area with a brush.</p>\r\n</li>\r\n<li>\r\n<p>Carpet Floors: Carpet floors are soft and comfortable underfoot, but they require frequent cleaning to remove dirt and stains. Vacuum the carpet regularly to remove dust and debris. Use a carpet cleaner to remove tough stains and spills.</p>\r\n</li>\r\n<li>\r\n<p>Concrete Floors: Concrete floors are durable and easy to maintain. Use a broom or vacuum cleaner to remove dirt and debris. For tough stains, use a concrete cleaner and scrub the affected area with a brush.</p>\r\n</li>\r\n</ol>\r\n<p>Tips for Effective Floor Cleaning:</p>\r\n<p>Here are some tips for effective floor cleaning:</p>\r\n<ol>\r\n<li>\r\n<p>Use the Right Cleaning Product: Different floors require different cleaning products. Using the wrong cleaning product can damage the floor\'s surface and cause discoloration or fading. Always read the label before using any cleaning product.</p>\r\n</li>\r\n<li>\r\n<p>Sweep or Vacuum the Floor: Before mopping or cleaning the floor, sweep or vacuum the surface to remove loose dirt and debris. This will prevent the dirt from spreading and scratching the surface.</p>\r\n</li>\r\n<li>\r\n<p>Mop the Floor: Use a mop and bucket to clean the floor. Dip the mop in the cleaning solution and wring out the excess water. Mop the floor in a back-and-forth motion, starting from the farthest corner and working your way towards the exit.</p>\r\n</li>\r\n<li>\r\n<p>Dry the Floor: After mopping the floor, use a dry mop or towel to remove any excess water. This will prevent water damage and mold growth.</p>\r\n</li>\r\n<li>\r\n<p>Clean up Spills Immediately: If you spill anything on the floor, clean it up immediately. Spills can stain the floor and cause discoloration or damage.</p>\r\n</li>\r\n<li>\r\n<p>Use Floor Mats: Place floor mats at the entrance of the building to prevent dirt and debris from entering. This will reduce the amount of cleaning required and prolong the life of the floor.</p>\r\n</li>\r\n</ol>\r\n<p>In conclusion, floor cleaning is an important task for maintaining a clean and healthy environment. Different types of floors require different cleaning methods and products. By following the tips mentioned above, you can effectively clean your floors and maintain their shine and luster.</p>', 'icon-checking', '2023-04-11 01:42:56', '2023-04-11 01:42:56');

-- --------------------------------------------------------

--
-- Table structure for table `services_tags`
--

CREATE TABLE `services_tags` (
  `id` int(11) NOT NULL,
  `serviceid` int(11) NOT NULL,
  `tag` text DEFAULT NULL,
  `created_at` timestamp NOT NULL DEFAULT current_timestamp(),
  `updated_at` timestamp NULL DEFAULT NULL ON UPDATE current_timestamp()
) ENGINE=InnoDB DEFAULT CHARSET=utf8mb4 COLLATE=utf8mb4_general_ci;

--
-- Dumping data for table `services_tags`
--

INSERT INTO `services_tags` (`id`, `serviceid`, `tag`, `created_at`, `updated_at`) VALUES
(167, 20, 'Window Cleaning', '2023-04-11 01:41:03', '2023-04-11 01:41:03'),
(168, 20, 'Door Cleaning', '2023-04-11 01:41:03', '2023-04-11 01:41:03'),
(169, 20, 'Floor Cleaning', '2023-04-11 01:41:03', '2023-04-11 01:41:03'),
(170, 21, 'Window Cleaning', '2023-04-11 01:42:56', '2023-04-11 01:42:56'),
(171, 21, 'Door Cleaning', '2023-04-11 01:42:56', '2023-04-11 01:42:56'),
(172, 21, 'Floor Cleaning', '2023-04-11 01:42:56', '2023-04-11 01:42:56'),
(176, 19, 'Window Cleaning', '2023-04-11 05:23:26', '2023-04-11 05:23:26'),
(177, 19, 'Door Cleaning', '2023-04-11 05:23:26', '2023-04-11 05:23:26'),
(178, 19, 'Floor Cleaning', '2023-04-11 05:23:26', '2023-04-11 05:23:26');

-- --------------------------------------------------------

--
-- Table structure for table `service_images`
--

CREATE TABLE `service_images` (
  `id` int(11) NOT NULL,
  `serviceid` int(11) NOT NULL,
  `image` text DEFAULT NULL,
  `created_at` timestamp NOT NULL DEFAULT current_timestamp(),
  `updated_at` timestamp NULL DEFAULT NULL ON UPDATE current_timestamp()
) ENGINE=InnoDB DEFAULT CHARSET=utf8mb4 COLLATE=utf8mb4_general_ci;

--
-- Dumping data for table `service_images`
--

INSERT INTO `service_images` (`id`, `serviceid`, `image`, `created_at`, `updated_at`) VALUES
(6, 19, '16811951710_0.png', '2023-04-11 01:39:31', '2023-04-11 01:39:31'),
(7, 19, '16811951760_1.png', '2023-04-11 01:39:36', '2023-04-11 01:39:36'),
(8, 20, '16811952280_2.png', '2023-04-11 01:40:28', '2023-04-11 01:40:28'),
(9, 20, '16811952280_3.png', '2023-04-11 01:40:28', '2023-04-11 01:40:28'),
(10, 21, '16811953760_8.png', '2023-04-11 01:42:56', '2023-04-11 01:42:56'),
(11, 21, '1681195376grid_9.png', '2023-04-11 01:42:56', '2023-04-11 01:42:56');

-- --------------------------------------------------------

--
-- Table structure for table `setting`
--

CREATE TABLE `setting` (
  `id` bigint(20) UNSIGNED NOT NULL,
  `name` varchar(255) NOT NULL,
  `phone` varchar(255) NOT NULL,
  `email` varchar(255) NOT NULL,
  `location` varchar(255) NOT NULL,
  `facebook` varchar(255) NOT NULL,
  `twitter` varchar(255) NOT NULL,
  `instagram` varchar(255) NOT NULL,
  `whatsapp` varchar(255) NOT NULL,
  `logo` varchar(255) NOT NULL,
  `favicon` varchar(255) NOT NULL,
  `adminlogo` text DEFAULT NULL,
  `footer_description` varchar(255) NOT NULL,
  `privacy` text DEFAULT NULL,
  `contact_image` text DEFAULT NULL,
  `tiny_api_key` text DEFAULT NULL,
  `watermark` text DEFAULT NULL,
  `google_analytics_code` text DEFAULT NULL,
  `remember_token` varchar(100) DEFAULT NULL,
  `created_at` timestamp NULL DEFAULT NULL,
  `updated_at` timestamp NULL DEFAULT NULL
) ENGINE=InnoDB DEFAULT CHARSET=utf8mb4 COLLATE=utf8mb4_general_ci;

--
-- Dumping data for table `setting`
--

INSERT INTO `setting` (`id`, `name`, `phone`, `email`, `location`, `facebook`, `twitter`, `instagram`, `whatsapp`, `logo`, `favicon`, `adminlogo`, `footer_description`, `privacy`, `contact_image`, `tiny_api_key`, `watermark`, `google_analytics_code`, `remember_token`, `created_at`, `updated_at`) VALUES
(1, 'REINEL CLEANING', '‪(920) 542-2531', 'sales@reinelcleaning.com', '1012 West Blackhawk Drive, Fort Atkinson, WI, USA', 'https://facebook.com/reinelcleaning', '', '', '9205422531', '1681626099Reinel-Cleaning-3.png', '1681627798Reinel-Cleaning-3.png', '1681626081Reinel-Cleaning-3.png', 'Our mission is to create a cleaner world by providing an easy-to-use website that empowers individuals to take action and make a positive impact on the environment.', '<div class=\"sec-title sec-title--style2 mt-4\">\r\n<h2 style=\"text-align: left;\"><strong><span style=\"color: rgb(0, 0, 0);\">Privacy Policy</span></strong></h2>\r\n</div>\r\n<p class=\"blog-details__text blog-details__text-1\">We use your Personal Information only for providing and improving the Site. By using the Site, you agree to the collection and use of information in accordance with this policy.</p>\r\n<p class=\"blog-details__text blog-details__text-2\">While using our Site, we may ask you to provide us with certain personally identifiable information that can be used to contact or identify you. Personally identifiable information may include, but is not limited to your name, email address, mailing address, and phone number (\"Personal Information\").</p>\r\n<div class=\"sec-title sec-title--style2 mt-4\">\r\n<h2 style=\"text-align: left;\"><span style=\"color: rgb(0, 0, 0);\">Log Data</span></h2>\r\n</div>\r\n<p class=\"blog-details__text blog-details__text-3\">Like many site operators, we collect information that your browser sends whenever you visit our Site (\"Log Data\"). This Log Data may include information such as your computer\'s Internet Protocol (\"IP\") address, browser type, browser version, the pages of our Site that you visit, the time and date of your visit, the time spent on those pages, and other statistics.</p>\r\n<div class=\"sec-title sec-title--style2 mt-4\">\r\n<h2 style=\"text-align: left;\"><span style=\"color: rgb(0, 0, 0);\">Security</span></h2>\r\n</div>\r\n<p class=\"blog-details__text blog-details__text-4\">The security of your Personal Information is important to us, but remember that no method of transmission over the Internet, or method of electronic storage, is 100% secure. While we strive to use commercially acceptable means to protect your Personal Information, we cannot guarantee its absolute security.</p>\r\n<div class=\"sec-title sec-title--style2 mt-4\">\r\n<h2 style=\"text-align: left;\"><span style=\"color: rgb(0, 0, 0);\">Changes To This Privacy Policy</span></h2>\r\n</div>\r\n<p class=\"blog-details__text blog-details__text-5\">This Privacy Policy is effective as of [Insert Date] and will remain in effect except with respect to any changes in its provisions in the future, which will be in effect immediately after being posted on this page. We reserve the right to update or change our Privacy Policy at any time and you should check this Privacy Policy periodically. Your continued use of the Service after we post any modifications to the Privacy Policy on this page will constitute your acknowledgment of the modifications and your consent to abide and be bound by the modified Privacy Policy.</p>\r\n<p class=\"blog-details__text blog-details__text-5\">&nbsp;</p>\r\n<p class=\"blog-details__text blog-details__text-5\">REINEL CLEANING</p>\r\n<p class=\"blog-details__text blog-details__text-5\">1012 W Blackhawk Dr.</p>\r\n<p class=\"blog-details__text blog-details__text-5\">Fort Atkinson, WI 53538</p>', '16803077981679323884contact.jpg', 'slqzq9p4jfyu3f1nzvbomd2qq198chen520bsjv05lggwszl', '1681628501Reinel-Cleaning-3 (1).png', '<script async src=\"https://www.googletagmanager.com/gtag/js?id=G-SXPDS6YQ6N\"></script>\r\n<script>\r\n  window.dataLayer = window.dataLayer || [];\r\n  function gtag(){dataLayer.push(arguments);}\r\n  gtag(\'js\', new Date());\r\n\r\n  gtag(\'config\', \'G-SXPDS6YQ6N\');\r\n</script>', NULL, '2023-03-20 06:55:50', '2023-04-16 02:41:22');

-- --------------------------------------------------------

--
-- Table structure for table `sliders`
--

CREATE TABLE `sliders` (
  `id` int(11) NOT NULL,
  `heading` text DEFAULT NULL,
  `image` text DEFAULT NULL,
  `created_at` timestamp NOT NULL DEFAULT current_timestamp(),
  `updated_at` timestamp NULL DEFAULT NULL ON UPDATE current_timestamp()
) ENGINE=InnoDB DEFAULT CHARSET=utf8mb4 COLLATE=utf8mb4_general_ci;

--
-- Dumping data for table `sliders`
--

INSERT INTO `sliders` (`id`, `heading`, `image`, `created_at`, `updated_at`) VALUES
(6, 'Collaboration: The Key to Your Business Success with Our Cleaning Services', '1681209811jok3rsw1ld_Janitor_cleaning_bathrooms_with_mops_highly_detailed_939524e7-2666-424a-bec2-8dae5c9c66af.jpeg', '2023-04-11 05:21:33', '2023-04-11 05:43:31'),
(7, 'Collaboration: The Key to Your Business Success with Our Cleaning Services', '1681209630bc1.jpg', '2023-04-11 05:35:24', '2023-04-11 05:40:30'),
(8, 'Collaboration: The Key to Your Business Success with Our Cleaning Services', '1681209410bc3.jpg', '2023-04-11 05:36:50', '2023-04-11 05:36:50');

-- --------------------------------------------------------

--
-- Table structure for table `users`
--

CREATE TABLE `users` (
  `id` bigint(20) UNSIGNED NOT NULL,
  `name` varchar(255) NOT NULL,
  `email` varchar(255) NOT NULL,
  `email_verified_at` timestamp NULL DEFAULT NULL,
  `password` varchar(255) NOT NULL,
  `phone` varchar(255) DEFAULT NULL,
  `address` text NOT NULL,
  `image` varchar(255) DEFAULT NULL,
  `remember_token` varchar(100) DEFAULT NULL,
  `created_at` timestamp NULL DEFAULT NULL,
  `updated_at` timestamp NULL DEFAULT NULL
) ENGINE=InnoDB DEFAULT CHARSET=utf8mb4 COLLATE=utf8mb4_general_ci;

--
-- Dumping data for table `users`
--

INSERT INTO `users` (`id`, `name`, `email`, `email_verified_at`, `password`, `phone`, `address`, `image`, `remember_token`, `created_at`, `updated_at`) VALUES
(1, 'REINEL CLEANING', 'admin@gmail.com', NULL, '$2y$10$YMazEXeR.y9SoJFEJEWXOOY.Wbzv9ZyOyhr7XvoXevZ.C8ynjxK.y', '1234567890', 'Rawalpindi', '1681626608about.jpg', NULL, NULL, '2023-04-16 01:30:08');

-- --------------------------------------------------------

--
-- Table structure for table `website_setting`
--

CREATE TABLE `website_setting` (
  `id` int(11) NOT NULL,
  `team` enum('0','1') NOT NULL DEFAULT '1',
  `work_process_heading` text DEFAULT NULL,
  `service_detail_test` text DEFAULT NULL,
  `created_at` timestamp NOT NULL DEFAULT current_timestamp(),
  `updated_at` timestamp NULL DEFAULT NULL ON UPDATE current_timestamp()
) ENGINE=InnoDB DEFAULT CHARSET=utf8mb4 COLLATE=utf8mb4_general_ci;

--
-- Dumping data for table `website_setting`
--

INSERT INTO `website_setting` (`id`, `team`, `work_process_heading`, `service_detail_test`, `created_at`, `updated_at`) VALUES
(1, '0', 'How Do we Work with You?', 'Contact With us for any advice', '2023-04-03 17:12:11', '2023-04-11 01:31:48');

-- --------------------------------------------------------

--
-- Table structure for table `whatwedo`
--

CREATE TABLE `whatwedo` (
  `id` int(11) NOT NULL,
  `heading` text DEFAULT NULL,
  `description` text DEFAULT NULL,
  `image` text DEFAULT NULL,
  `video_heading` text DEFAULT NULL,
  `video_link` text DEFAULT NULL,
  `created_at` timestamp NOT NULL DEFAULT current_timestamp(),
  `updated_at` timestamp NULL DEFAULT NULL ON UPDATE current_timestamp()
) ENGINE=InnoDB DEFAULT CHARSET=utf8mb4 COLLATE=utf8mb4_general_ci;

--
-- Dumping data for table `whatwedo`
--

INSERT INTO `whatwedo` (`id`, `heading`, `description`, `image`, `video_heading`, `video_link`, `created_at`, `updated_at`) VALUES
(1, 'Services We\'re offering', 'Complex problems made simpler by Cleaning leveraging our expertise.  Effective business solutions with innovation is our key ingredient!', '1679569666video-gallery-style1-bg.jpg', 'Using ChatGPT to automate', 'jprdyzsdAAw', '2023-03-23 10:51:25', '2023-04-16 01:22:34');

-- --------------------------------------------------------

--
-- Table structure for table `work_process`
--

CREATE TABLE `work_process` (
  `id` int(11) NOT NULL,
  `heading` text DEFAULT NULL,
  `image` text DEFAULT NULL,
  `description` text DEFAULT NULL,
  `created_at` timestamp NOT NULL DEFAULT current_timestamp(),
  `updated_at` timestamp NULL DEFAULT NULL ON UPDATE current_timestamp()
) ENGINE=InnoDB DEFAULT CHARSET=utf8mb4 COLLATE=utf8mb4_general_ci;

--
-- Dumping data for table `work_process`
--

INSERT INTO `work_process` (`id`, `heading`, `image`, `description`, `created_at`, `updated_at`) VALUES
(8, 'Window Cleaning', '1681197997jok3rsw1ld_Janitor_cleaning_bathrooms_with_mops_highly_detailed_939524e7-2666-424a-bec2-8dae5c9c66af.png', '<p>Window cleaning is an important part of maintaining the appearance of your home or business. Dirty windows can detract from the overall aesthetic and make your space look unkempt. Regular window cleaning can help to improve the appearance of your space and create a more welcoming atmosphere.&nbsp;</p>', '2023-04-11 02:26:37', '2023-04-11 02:26:46'),
(9, 'Floor Cleaning', '1681198163jok3rsw1ld_RAW_photography_of_a_commercial_restroom_stall_devoi_9eeccf39-f937-4e22-9a50-0a7519d11d1e.png', '<p>Keeping your floors clean is an essential part of maintaining a healthy and safe environment in your home or workplace. Regular floor cleaning can help prevent the buildup of dirt, bacteria, and other allergens that can cause respiratory problems and other health issues.</p>', '2023-04-11 02:29:23', '2023-04-11 02:29:23'),
(10, 'Door Cleaning', '16811985660_5.png', '<p>Cleaning your doors is an important part of keeping your home looking clean and well-maintained. Over time, doors can accumulate dirt, dust, and grime, making them look dull and unattractive. Regular door cleaning can help remove these unsightly marks and keep your doors looking as good as new.</p>', '2023-04-11 02:36:06', '2023-04-11 02:36:06'),
(11, 'Restroom Cleaning', '1681198602jok3rsw1ld_A_close-up_shot_of_a_sparkling_clean_toilet_bowl_in__f5cbc02c-d4a9-4d6e-9e63-a8e0f5e4772a.png', '<p>Restroom cleaning is an important aspect of maintaining a clean and hygienic environment, whether it be in a residential or commercial setting. A clean restroom not only ensures a pleasant experience for the user but also reduces the spread of germs and bacteria.</p>', '2023-04-11 02:36:42', '2023-04-11 02:36:42');

--
-- Indexes for dumped tables
--

--
-- Indexes for table `aboutus`
--
ALTER TABLE `aboutus`
  ADD PRIMARY KEY (`id`);

--
-- Indexes for table `banners`
--
ALTER TABLE `banners`
  ADD PRIMARY KEY (`id`);

--
-- Indexes for table `blogcategories`
--
ALTER TABLE `blogcategories`
  ADD PRIMARY KEY (`id`);

--
-- Indexes for table `blogs`
--
ALTER TABLE `blogs`
  ADD PRIMARY KEY (`id`),
  ADD KEY `category` (`category`);

--
-- Indexes for table `blogs_tags`
--
ALTER TABLE `blogs_tags`
  ADD PRIMARY KEY (`id`),
  ADD KEY `blogid` (`blogid`);

--
-- Indexes for table `blog_images`
--
ALTER TABLE `blog_images`
  ADD PRIMARY KEY (`id`),
  ADD KEY `blogid` (`blogid`);

--
-- Indexes for table `chatgpt_api_keys`
--
ALTER TABLE `chatgpt_api_keys`
  ADD PRIMARY KEY (`id`);

--
-- Indexes for table `company_benefits`
--
ALTER TABLE `company_benefits`
  ADD PRIMARY KEY (`id`);

--
-- Indexes for table `contactus`
--
ALTER TABLE `contactus`
  ADD PRIMARY KEY (`id`);

--
-- Indexes for table `failed_jobs`
--
ALTER TABLE `failed_jobs`
  ADD PRIMARY KEY (`id`),
  ADD UNIQUE KEY `failed_jobs_uuid_unique` (`uuid`);

--
-- Indexes for table `home_experience`
--
ALTER TABLE `home_experience`
  ADD PRIMARY KEY (`id`);

--
-- Indexes for table `migrations`
--
ALTER TABLE `migrations`
  ADD PRIMARY KEY (`id`);

--
-- Indexes for table `ourpartners`
--
ALTER TABLE `ourpartners`
  ADD PRIMARY KEY (`id`);

--
-- Indexes for table `ourteam`
--
ALTER TABLE `ourteam`
  ADD PRIMARY KEY (`id`);

--
-- Indexes for table `our_introduction`
--
ALTER TABLE `our_introduction`
  ADD PRIMARY KEY (`id`);

--
-- Indexes for table `password_resets`
--
ALTER TABLE `password_resets`
  ADD KEY `password_resets_email_index` (`email`);

--
-- Indexes for table `password_reset_tokens`
--
ALTER TABLE `password_reset_tokens`
  ADD PRIMARY KEY (`email`);

--
-- Indexes for table `personal_access_tokens`
--
ALTER TABLE `personal_access_tokens`
  ADD PRIMARY KEY (`id`),
  ADD UNIQUE KEY `personal_access_tokens_token_unique` (`token`),
  ADD KEY `personal_access_tokens_tokenable_type_tokenable_id_index` (`tokenable_type`,`tokenable_id`);

--
-- Indexes for table `services`
--
ALTER TABLE `services`
  ADD PRIMARY KEY (`id`);

--
-- Indexes for table `services_tags`
--
ALTER TABLE `services_tags`
  ADD PRIMARY KEY (`id`),
  ADD KEY `serviceid` (`serviceid`);

--
-- Indexes for table `service_images`
--
ALTER TABLE `service_images`
  ADD PRIMARY KEY (`id`),
  ADD KEY `serviceid` (`serviceid`);

--
-- Indexes for table `setting`
--
ALTER TABLE `setting`
  ADD PRIMARY KEY (`id`);

--
-- Indexes for table `sliders`
--
ALTER TABLE `sliders`
  ADD PRIMARY KEY (`id`);

--
-- Indexes for table `users`
--
ALTER TABLE `users`
  ADD PRIMARY KEY (`id`),
  ADD UNIQUE KEY `users_email_unique` (`email`);

--
-- Indexes for table `website_setting`
--
ALTER TABLE `website_setting`
  ADD PRIMARY KEY (`id`);

--
-- Indexes for table `whatwedo`
--
ALTER TABLE `whatwedo`
  ADD PRIMARY KEY (`id`);

--
-- Indexes for table `work_process`
--
ALTER TABLE `work_process`
  ADD PRIMARY KEY (`id`);

--
-- AUTO_INCREMENT for dumped tables
--

--
-- AUTO_INCREMENT for table `aboutus`
--
ALTER TABLE `aboutus`
  MODIFY `id` int(11) NOT NULL AUTO_INCREMENT, AUTO_INCREMENT=2;

--
-- AUTO_INCREMENT for table `banners`
--
ALTER TABLE `banners`
  MODIFY `id` int(11) NOT NULL AUTO_INCREMENT, AUTO_INCREMENT=6;

--
-- AUTO_INCREMENT for table `blogcategories`
--
ALTER TABLE `blogcategories`
  MODIFY `id` int(11) NOT NULL AUTO_INCREMENT, AUTO_INCREMENT=15;

--
-- AUTO_INCREMENT for table `blogs`
--
ALTER TABLE `blogs`
  MODIFY `id` int(11) NOT NULL AUTO_INCREMENT, AUTO_INCREMENT=52;

--
-- AUTO_INCREMENT for table `blogs_tags`
--
ALTER TABLE `blogs_tags`
  MODIFY `id` int(11) NOT NULL AUTO_INCREMENT, AUTO_INCREMENT=678;

--
-- AUTO_INCREMENT for table `blog_images`
--
ALTER TABLE `blog_images`
  MODIFY `id` int(11) NOT NULL AUTO_INCREMENT, AUTO_INCREMENT=69;

--
-- AUTO_INCREMENT for table `chatgpt_api_keys`
--
ALTER TABLE `chatgpt_api_keys`
  MODIFY `id` int(11) NOT NULL AUTO_INCREMENT, AUTO_INCREMENT=14;

--
-- AUTO_INCREMENT for table `company_benefits`
--
ALTER TABLE `company_benefits`
  MODIFY `id` int(11) NOT NULL AUTO_INCREMENT, AUTO_INCREMENT=2;

--
-- AUTO_INCREMENT for table `contactus`
--
ALTER TABLE `contactus`
  MODIFY `id` int(11) NOT NULL AUTO_INCREMENT, AUTO_INCREMENT=7;

--
-- AUTO_INCREMENT for table `failed_jobs`
--
ALTER TABLE `failed_jobs`
  MODIFY `id` bigint(20) UNSIGNED NOT NULL AUTO_INCREMENT;

--
-- AUTO_INCREMENT for table `home_experience`
--
ALTER TABLE `home_experience`
  MODIFY `id` int(11) NOT NULL AUTO_INCREMENT, AUTO_INCREMENT=2;

--
-- AUTO_INCREMENT for table `migrations`
--
ALTER TABLE `migrations`
  MODIFY `id` int(10) UNSIGNED NOT NULL AUTO_INCREMENT, AUTO_INCREMENT=6;

--
-- AUTO_INCREMENT for table `ourpartners`
--
ALTER TABLE `ourpartners`
  MODIFY `id` int(11) NOT NULL AUTO_INCREMENT, AUTO_INCREMENT=28;

--
-- AUTO_INCREMENT for table `ourteam`
--
ALTER TABLE `ourteam`
  MODIFY `id` int(11) NOT NULL AUTO_INCREMENT, AUTO_INCREMENT=9;

--
-- AUTO_INCREMENT for table `our_introduction`
--
ALTER TABLE `our_introduction`
  MODIFY `id` int(11) NOT NULL AUTO_INCREMENT, AUTO_INCREMENT=100;

--
-- AUTO_INCREMENT for table `personal_access_tokens`
--
ALTER TABLE `personal_access_tokens`
  MODIFY `id` bigint(20) UNSIGNED NOT NULL AUTO_INCREMENT;

--
-- AUTO_INCREMENT for table `services`
--
ALTER TABLE `services`
  MODIFY `id` int(11) NOT NULL AUTO_INCREMENT, AUTO_INCREMENT=22;

--
-- AUTO_INCREMENT for table `services_tags`
--
ALTER TABLE `services_tags`
  MODIFY `id` int(11) NOT NULL AUTO_INCREMENT, AUTO_INCREMENT=179;

--
-- AUTO_INCREMENT for table `service_images`
--
ALTER TABLE `service_images`
  MODIFY `id` int(11) NOT NULL AUTO_INCREMENT, AUTO_INCREMENT=12;

--
-- AUTO_INCREMENT for table `setting`
--
ALTER TABLE `setting`
  MODIFY `id` bigint(20) UNSIGNED NOT NULL AUTO_INCREMENT, AUTO_INCREMENT=2;

--
-- AUTO_INCREMENT for table `sliders`
--
ALTER TABLE `sliders`
  MODIFY `id` int(11) NOT NULL AUTO_INCREMENT, AUTO_INCREMENT=10;

--
-- AUTO_INCREMENT for table `users`
--
ALTER TABLE `users`
  MODIFY `id` bigint(20) UNSIGNED NOT NULL AUTO_INCREMENT, AUTO_INCREMENT=2;

--
-- AUTO_INCREMENT for table `website_setting`
--
ALTER TABLE `website_setting`
  MODIFY `id` int(11) NOT NULL AUTO_INCREMENT, AUTO_INCREMENT=2;

--
-- AUTO_INCREMENT for table `whatwedo`
--
ALTER TABLE `whatwedo`
  MODIFY `id` int(11) NOT NULL AUTO_INCREMENT, AUTO_INCREMENT=2;

--
-- AUTO_INCREMENT for table `work_process`
--
ALTER TABLE `work_process`
  MODIFY `id` int(11) NOT NULL AUTO_INCREMENT, AUTO_INCREMENT=12;

--
-- Constraints for dumped tables
--

--
-- Constraints for table `blogs`
--
ALTER TABLE `blogs`
  ADD CONSTRAINT `blogs_ibfk_1` FOREIGN KEY (`category`) REFERENCES `blogcategories` (`id`) ON DELETE CASCADE ON UPDATE CASCADE;

--
-- Constraints for table `blogs_tags`
--
ALTER TABLE `blogs_tags`
  ADD CONSTRAINT `blogs_tags_ibfk_1` FOREIGN KEY (`blogid`) REFERENCES `blogs` (`id`) ON DELETE CASCADE ON UPDATE CASCADE;

--
-- Constraints for table `blog_images`
--
ALTER TABLE `blog_images`
  ADD CONSTRAINT `blog_images_ibfk_1` FOREIGN KEY (`blogid`) REFERENCES `blogs` (`id`) ON DELETE CASCADE ON UPDATE CASCADE;

--
-- Constraints for table `services_tags`
--
ALTER TABLE `services_tags`
  ADD CONSTRAINT `services_tags_ibfk_1` FOREIGN KEY (`serviceid`) REFERENCES `services` (`id`) ON DELETE CASCADE ON UPDATE CASCADE;

--
-- Constraints for table `service_images`
--
ALTER TABLE `service_images`
  ADD CONSTRAINT `service_images_ibfk_1` FOREIGN KEY (`serviceid`) REFERENCES `services` (`id`) ON DELETE CASCADE ON UPDATE CASCADE;
COMMIT;

